f 1108875386?
2, 89, 1319, 4723
What are the prime factors of 171327511?
97, 547, 3229
What are the prime factors of 24754203?
3, 1051, 2617
List the prime factors of 346450088.
2, 2801, 15461
List the prime factors of 2084271312.
2, 3, 43422319
What are the prime factors of 1254263399?
6337, 197927
List the prime factors of 4292501185.
5, 7, 19, 48533
List the prime factors of 365069096.
2, 7, 6519091
List the prime factors of 483997403.
21701, 22303
List the prime factors of 47033912.
2, 5879239
List the prime factors of 135977384.
2, 1831, 9283
List the prime factors of 1345310954.
2, 13, 419, 123491
List the prime factors of 452868467.
452868467
What are the prime factors of 2413207856?
2, 29, 47, 239, 463
What are the prime factors of 245542390?
2, 5, 17, 233, 6199
What are the prime factors of 107643656?
2, 31, 37, 11731
What are the prime factors of 3471619573?
3471619573
List the prime factors of 215528458.
2, 503, 214243
What are the prime factors of 5672870734?
2, 73, 1277, 30427
What are the prime factors of 142496470?
2, 5, 14249647
What are the prime factors of 227934009?
3, 2251, 11251
List the prime factors of 1030855360.
2, 5, 3221423
What are the prime factors of 1438002001?
17, 43, 1967171
What are the prime factors of 201784886?
2, 53, 311, 6121
What are the prime factors of 1578723679?
13, 191, 635813
What are the prime factors of 4211185371?
3, 67, 20951171
List the prime factors of 160282517.
160282517
List the prime factors of 75139979.
137, 331, 1657
What are the prime factors of 147631467?
3, 49210489
What are the prime factors of 45621737?
7, 6517391
List the prime factors of 370024798.
2, 11, 13, 89, 14537
What are the prime factors of 837551495?
5, 11, 17, 895777
What are the prime factors of 732115645?
5, 23, 6366223
What are the prime factors of 285974688?
2, 3, 1451, 2053
What are the prime factors of 217438923?
3, 13, 5575357
What are the prime factors of 430719064?
2, 53839883
What are the prime factors of 1107422481?
3, 11, 659, 50923
What are the prime factors of 79368956?
2, 19842239
What are the prime factors of 870497562?
2, 3, 11, 331, 39847
List the prime factors of 4785261312.
2, 3, 13, 79, 6067
List the prime factors of 2902604354.
2, 13, 111638629
List the prime factors of 65016831.
3, 11, 101, 19507
What are the prime factors of 33906334?
2, 7, 11, 71, 443
What are the prime factors of 378916706?
2, 7, 17, 79, 2879
What are the prime factors of 34109632?
2, 449, 1187
List the prime factors of 1060474585.
5, 1259, 168463
List the prime factors of 1748255409.
3, 8719, 22279
What are the prime factors of 14181758?
2, 509, 13931
List the prime factors of 47503944.
2, 3, 109, 6053
List the prime factors of 1438185448.
2, 7, 17, 137, 11027
List the prime factors of 38214371.
13, 2939567
List the prime factors of 124833070.
2, 5, 12483307
List the prime factors of 46490766.
2, 3, 7, 1106923
List the prime factors of 1286244568.
2, 7, 22968653
List the prime factors of 80360760.
2, 3, 5, 669673
What are the prime factors of 1080833980?
2, 5, 59, 915961
List the prime factors of 159533878.
2, 7, 11395277
What are the prime factors of 146552834?
2, 29, 593, 4261
List the prime factors of 1061021333.
139, 1109, 6883
List the prime factors of 66214526.
2, 7, 4729609
List the prime factors of 72696162.
2, 3, 7, 11, 157351
What are the prime factors of 52718376?
2, 3, 2196599
What are the prime factors of 191768968?
2, 23971121
What are the prime factors of 172235196?
2, 3, 7, 251, 389
What are the prime factors of 144288122?
2, 11, 587, 11173
List the prime factors of 142591187.
142591187
What are the prime factors of 1493624003?
1493624003
What are the prime factors of 31844865?
3, 5, 13, 163307
List the prime factors of 4465179.
3, 59, 2803
List the prime factors of 91063472.
2, 5691467
List the prime factors of 69243823.
11, 23, 139, 179
List the prime factors of 21897358.
2, 7, 1564097
List the prime factors of 179560568.
2, 11, 2040461
What are the prime factors of 29974685?
5, 13, 19, 1867
What are the prime factors of 3497430997?
107, 32686271
List the prime factors of 406478791.
97, 4190503
What are the prime factors of 9950296?
2, 151, 8237
What are the prime factors of 23091375?
3, 5, 139, 443
What are the prime factors of 1149440314?
2, 11, 569, 91823
List the prime factors of 2095611965.
5, 401, 1045193
What are the prime factors of 1173988729?
617, 1902737
List the prime factors of 138244451.
138244451
What are the prime factors of 22956561?
3, 850243
What are the prime factors of 81553870?
2, 5, 31, 263077
List the prime factors of 397455437.
397455437
List the prime factors of 141996813.
3, 7, 1061, 6373
What are the prime factors of 41912058?
2, 3, 89, 78487
What are the prime factors of 308606336?
2, 773, 3119
List the prime factors of 1961593758.
2, 3, 31, 683, 5147
What are the prime factors of 1615199519?
19, 71, 179, 6689
What are the prime factors of 156176272?
2, 7, 1394431
What are the prime factors of 144535132?
2, 7, 59, 87491
What are the prime factors of 2117580103?
149, 14211947
List the prime factors of 6166317047.
11, 8951, 62627
List the prime factors of 1434803119.
7681, 186799
List the prime factors of 7548786.
2, 3, 7, 181, 331
What are the prime factors of 2202727663?
2202727663
What are the prime factors of 161220744?
2, 3, 29, 77213
List the prime factors of 63382621.
223, 284227
What are the prime factors of 36982625?
5, 295861
What are the prime factors of 132038000?
2, 5, 107, 617
List the prime factors of 877931785.
5, 601, 292157
List the prime factors of 190354393.
313, 608161
What are the prime factors of 24544702?
2, 7, 13, 17, 7933
List the prime factors of 75407228.
2, 13, 1450139
List the prime factors of 122021411.
61, 2000351
What are the prime factors of 46184260?
2, 5, 709, 3257
What are the prime factors of 762704277?
3, 254234759
What are the prime factors of 2498434646?
2, 31, 40297333
List the prime factors of 45040740.
2, 3, 5, 750679
List the prime factors of 34749098.
2, 79, 219931
What are the prime factors of 1401054745?
5, 17, 16482997
What are the prime factors of 1051466240?
2, 5, 11, 37339
List the prime factors of 25047706.
2, 29, 431857
List the prime factors of 151128862.
2, 139, 3911
List the prime factors of 54858602.
2, 151, 373, 487
What are the prime factors of 7713759?
3, 967, 2659
List the prime factors of 131724676.
2, 32931169
What are the prime factors of 87717735?
3, 5, 7, 30941
List the prime factors of 14931546.
2, 3, 7, 355513
List the prime factors of 454043708.
2, 43, 2639789
List the prime factors of 93040975.
5, 853, 4363
List the prime factors of 43389974.
2, 29, 37, 20219
List the prime factors of 108676225.
5, 7, 621007
List the prime factors of 108234489.
3, 11, 3279833
List the prime factors of 219739170.
2, 3, 5, 7, 103, 10159
List the prime factors of 1923204821.
181, 10625441
What are the prime factors of 90352667?
90352667
List the prime factors of 55307364.
2, 3, 7, 23, 28627
What are the prime factors of 55440664?
2, 227, 30529
What are the prime factors of 324693896?
2, 40586737
List the prime factors of 373086434.
2, 7, 26649031
What are the prime factors of 55493014?
2, 53, 523519
What are the prime factors of 391109599?
17, 347, 66301
List the prime factors of 1008537431.
11, 383, 239387
What are the prime factors of 12829739?
13, 986903
What are the prime factors of 969068090?
2, 5, 47, 2061847
List the prime factors of 5481892806.
2, 3, 13, 19, 73, 50671
What are the prime factors of 518916880?
2, 5, 6486461
List the prime factors of 70998166.
2, 35499083
What are the prime factors of 204794527?
7, 131, 223331
What are the prime factors of 5750875399?
53, 108507083
List the prime factors of 5751663012.
2, 3, 3529, 15091
List the prime factors of 2256782753.
181, 643, 19391
What are the prime factors of 217031309?
11, 71, 277889
List the prime factors of 286232640.
2, 3, 5, 298159
List the prime factors of 97293572.
2, 37, 47, 71, 197
What are the prime factors of 106831676?
2, 7, 53, 193, 373
List the prime factors of 82923741.
3, 9213749
What are the prime factors of 493498868?
2, 577, 213821
What are the prime factors of 946991339?
7, 2609, 51853
List the prime factors of 803305082.
2, 401652541
What are